of 10497.
3, 3499
What are the prime factors of 6811?
7, 139
What are the prime factors of 664?
2, 83
What are the prime factors of 56305?
5, 11261
What are the prime factors of 15854?
2, 7927
What are the prime factors of 1188?
2, 3, 11
List the prime factors of 12392.
2, 1549
What are the prime factors of 10427?
10427
List the prime factors of 670.
2, 5, 67
List the prime factors of 782.
2, 17, 23
What are the prime factors of 59585?
5, 17, 701
List the prime factors of 6377.
7, 911
List the prime factors of 3743.
19, 197
List the prime factors of 7151.
7151
List the prime factors of 12984.
2, 3, 541
What are the prime factors of 8591?
11, 71
What are the prime factors of 192?
2, 3
List the prime factors of 8206.
2, 11, 373
What are the prime factors of 3156?
2, 3, 263
List the prime factors of 2644.
2, 661
List the prime factors of 114987.
3, 38329
What are the prime factors of 3984?
2, 3, 83
What are the prime factors of 26514?
2, 3, 491
List the prime factors of 565.
5, 113
What are the prime factors of 4130?
2, 5, 7, 59
What are the prime factors of 23244?
2, 3, 13, 149
What are the prime factors of 119018?
2, 59509
What are the prime factors of 665?
5, 7, 19
List the prime factors of 11076.
2, 3, 13, 71
List the prime factors of 53414.
2, 17, 1571
What are the prime factors of 20233?
20233
List the prime factors of 54741.
3, 71, 257
List the prime factors of 58328.
2, 23, 317
List the prime factors of 12089.
7, 11, 157
What are the prime factors of 22474?
2, 17, 661
List the prime factors of 47146.
2, 11, 2143
What are the prime factors of 132276?
2, 3, 73, 151
What are the prime factors of 3362?
2, 41
List the prime factors of 6738.
2, 3, 1123
What are the prime factors of 22282?
2, 13, 857
List the prime factors of 1528.
2, 191
What are the prime factors of 70586?
2, 29, 1217
What are the prime factors of 23204?
2, 5801
List the prime factors of 21741.
3, 7247
List the prime factors of 3587.
17, 211
List the prime factors of 20430.
2, 3, 5, 227
What are the prime factors of 154730?
2, 5, 15473
What are the prime factors of 2083?
2083
What are the prime factors of 129?
3, 43
List the prime factors of 264.
2, 3, 11
What are the prime factors of 15077?
15077
What are the prime factors of 10530?
2, 3, 5, 13
List the prime factors of 60659.
60659
List the prime factors of 852.
2, 3, 71
What are the prime factors of 423?
3, 47
What are the prime factors of 11720?
2, 5, 293
List the prime factors of 92513.
71, 1303
List the prime factors of 1033.
1033
List the prime factors of 4239.
3, 157
What are the prime factors of 5879?
5879
What are the prime factors of 4577?
23, 199
List the prime factors of 419.
419
List the prime factors of 2199.
3, 733
List the prime factors of 2447.
2447
What are the prime factors of 15766?
2, 7883
What are the prime factors of 20108?
2, 11, 457
List the prime factors of 18785.
5, 13, 17
List the prime factors of 688.
2, 43
What are the prime factors of 50000?
2, 5
What are the prime factors of 3518?
2, 1759
What are the prime factors of 606?
2, 3, 101
What are the prime factors of 1011?
3, 337
List the prime factors of 528.
2, 3, 11
List the prime factors of 10644.
2, 3, 887
List the prime factors of 52234.
2, 7, 13, 41
What are the prime factors of 5192?
2, 11, 59
List the prime factors of 10603.
23, 461
List the prime factors of 19213.
19213
List the prime factors of 2214.
2, 3, 41
What are the prime factors of 650?
2, 5, 13
List the prime factors of 903.
3, 7, 43
List the prime factors of 1512.
2, 3, 7
List the prime factors of 489.
3, 163
List the prime factors of 77508.
2, 3, 2153
What are the prime factors of 930?
2, 3, 5, 31
List the prime factors of 1000.
2, 5
List the prime factors of 92833.
13, 37, 193
List the prime factors of 3145.
5, 17, 37
List the prime factors of 43256.
2, 5407
What are the prime factors of 27960?
2, 3, 5, 233
List the prime factors of 1886.
2, 23, 41
What are the prime factors of 4197?
3, 1399
List the prime factors of 19007.
83, 229
List the prime factors of 6522.
2, 3, 1087
List the prime factors of 1617.
3, 7, 11
What are the prime factors of 2391?
3, 797
List the prime factors of 31896.
2, 3, 443
What are the prime factors of 9876?
2, 3, 823
What are the prime factors of 1547?
7, 13, 17
What are the prime factors of 21136?
2, 1321
List the prime factors of 37299.
3, 12433
List the prime factors of 78808.
2, 9851
What are the prime factors of 2229?
3, 743
What are the prime factors of 6040?
2, 5, 151
What are the prime factors of 35913?
3, 11971
List the prime factors of 4867.
31, 157
List the prime factors of 58527.
3, 7, 929
What are the prime factors of 30?
2, 3, 5
What are the prime factors of 52617?
3, 17539
What are the prime factors of 2766?
2, 3, 461
List the prime factors of 10736.
2, 11, 61
List the prime factors of 817.
19, 43
List the prime factors of 4282.
2, 2141
What are the prime factors of 15144?
2, 3, 631
What are the prime factors of 137071?
11, 17, 733
List the prime factors of 4026.
2, 3, 11, 61
What are the prime factors of 17735?
5, 3547
What are the prime factors of 30816?
2, 3, 107
What are the prime factors of 140?
2, 5, 7
List the prime factors of 53775.
3, 5, 239
List the prime factors of 47669.
73, 653
List the prime factors of 14478.
2, 3, 19, 127
List the prime factors of 12440.
2, 5, 311
What are the prime factors of 1862?
2, 7, 19
What are the prime factors of 8940?
2, 3, 5, 149
What are the prime factors of 11778?
2, 3, 13, 151
What are the prime factors of 13348?
2, 47, 71
List the prime factors of 127.
127
List the prime factors of 209.
11, 19
List the prime factors of 306.
2, 3, 17
What are the prime factors of 845?
5, 13
What are the prime factors of 1209?
3, 13, 31
What are the prime factors of 7865?
5, 11, 13
List the prime factors of 8574.
2, 3, 1429
What are the prime factors of 64310?
2, 5, 59, 109
List the prime factors of 58899.
3, 29, 677
What are the prime factors of 33118?
2, 29, 571
What are the prime factors of 4750?
2, 5, 19
List the prime factors of 2213.
2213
What are the prime factors of 18488?
2, 2311
What are the prime factors of 2805?
3, 5, 11, 17
List the prime factors of 2630.
2, 5, 263
List the prime factors of 1416.
2, 3, 59
What are the prime factors of 7690?
2, 5, 769
List the prime factors of 1852.
2, 463
What are the prime factors of 921?
3, 307
List the prime factors of 34550.
2, 5, 691
List the prime factors of 10122.
2, 3, 7, 241
List the prime factors of 8734.
2, 11, 397
List the prime factors of 2630.
2, 5, 263
List the prime factors of 41939.
17, 2467
What are the prime factors of 130756?
2, 97, 337
What are the prime factors of 1589?
7, 227
List the prime factors of 5139.
3, 571
What are the prime factors of 3124?
2, 11, 71
What are the prime factors of 13179?
3, 23, 191
What are the prime factors of 6791?
6791
List the prime factors of 1329.
3, 443
List the prime factors of 217.
7, 31
What are the prime factors of 218?
2, 109
List the prime factors of 23867.
29, 823
What are the prime factors of 3556?
2, 7, 127
List the prime factors of 13187.
13187
What are the prime factors of 13747?
59, 233
List the prime factors of 137108.
2, 151, 227
List the prime factors of 82041.
3, 23, 29, 41
List the prime factors of 3581.
3581
List the prime factors of 1899.
3, 211
List the prime factors of 1335.
3, 5, 89
What are the prime factors of 12413?
12413
List the prime factors of 36173.
61, 593
What are the prime factors of 821?
821
List the prime factors of 4543.
7, 11, 59
List the prime factors of 14259.
3, 7, 97
What are the prime factors of 5098?
2, 2549
What are the prime factors of 1054?
2, 17, 31
What are the prime factors of 70223?
70223
What are the prime factors of 2979?
3, 331
List the prime factors of 18615.
3, 5, 17, 73
List the prime factors of 11263.
7, 1609
List the prime factors of 1513.
17, 89
What are the prime factors of 6977?
6977
List the prime factors of 16362.
2, 3, 101
What are the prime factors of 2597?
7, 53
What are the prime factors of 1716?
2, 3, 11, 13
List the prime factors of 18979.
18979
What are the prime factors of 40685?
5, 79, 103
List the prime factors of 148.
2, 37
What are the prime factors of 673?
673
List the prime factors of 7047.
3, 29
What are the prime factors of 286